 35603 = 10*f - 28907. What is the hundreds digit of f?
4
Suppose -5*s = -2*p + 18031, 3*s + 18799 + 8261 = 3*p. What is the thousands digit of p?
9
Suppose 133*p - 2651936 = 180831. What is the hundreds digit of p?
2
Suppose -106*o = -1266577 - 427660 - 668185. What is the ten thousands digit of o?
2
Let m(y) be the second derivative of -y**3/6 - 23*y**2/2 - 25*y. Let g be m(-13). What is the units digit of (56/g)/(3/(-30))?
6
Suppose -24 = -5*d - 7*d. Suppose 0*l = -b + 5*l + 136, -d*l = -b + 124. What is the units digit of b?
6
Suppose -4*n = -4*t + 84, -4*t = -t - 5*n - 67. Suppose t*j - 3752 = 15*j. What is the hundreds digit of j?
9
Suppose -31*r - 210*r = 3*r - 4361012. What is the thousands digit of r?
7
Suppose 0 = -9*j - 3*j + 24. Suppose 5*y - n = 2*y + 863, -2*n - 574 = -j*y. What is the tens digit of y?
8
Let p = -52 + 34. Let t be 1*(-24)/p*18/(-4). Let s(m) = -2*m**3 - 9*m**2 - 6*m - 15. What is the hundreds digit of s(t)?
1
Suppose 39 = -8*k - 25. What is the hundreds digit of ((-3900)/k - -1)*2?
9
Suppose 16*o - 33763 = 382141. What is the tens digit of o?
9
Let h = 451 + -456. What is the tens digit of (h - 0) + 5/(-10)*-718?
5
Let r = 10639 + -10110. What is the tens digit of r?
2
Let n = -3458 + 2255. Let z = -651 - n. What is the tens digit of z?
5
Suppose -5*y + 9*o = 8*o - 11776, 5*o = 5*y - 11760. What is the hundreds digit of y?
3
What is the units digit of 3/((-9)/(-106725)) - 286/22?
2
Let u = -370 - -368. What is the hundreds digit of u + 460/3 + 16/24?
1
What is the units digit of 19*125412/(-105)*(-25)/10?
4
Let i = 92828 - 55081. What is the thousands digit of i?
7
Suppose -181*y + 179*y - 5*o + 24866 = 0, -8*y - 4*o + 99400 = 0. What is the tens digit of y?
2
Suppose -2*c + 45 = 3*c. Suppose -c*y + 12 = -3*y. Suppose 2*u + y*u - 40 = 0. What is the tens digit of u?
1
What is the units digit of (-2 - -33821) + 36/42*168/36?
3
Let i = 332 - 216. Suppose 3*b - 3*t = 61 + 287, 5*t = -b + i. What is the tens digit of b?
1
Let p(z) = z - 8. Let v be p(11). Suppose -5*r = -3*m - 316, v*r - 189 = 11*m - 9*m. What is the units digit of r?
5
Let n(v) = v**3 - 15*v**2 - 12*v - 4. Let f be n(16). Let h = -51 + f. Let x(z) = z**3 - 8*z**2 - 11*z + 21. What is the units digit of x(h)?
3
Let x(z) = z**3 + 3*z**2 + 15*z - 68. Suppose 11*j = 6*j + 35. What is the units digit of x(j)?
7
What is the tens digit of 9 + 198330/8 + 1/(-4)?
0
Suppose -245 = i - 248. Suppose -2*x = -4*c - 916, -i*x - 2*x + 4*c + 2272 = 0. What is the tens digit of x?
5
Suppose -r - 145 = -4*g, -3*r + 5*r = -2*g + 60. What is the hundreds digit of g/(-35)*(-1 + -1) - -777?
7
Let s be (-3 - (-16)/4)*15. Suppose 5*o - 2*w = -5206 + 893, 4*o + 3*w = -3432. What is the tens digit of 9/s - o/15?
5
Let q be ((-18)/27)/((7/6)/(-7)). Suppose m = -q*b + 337, -m - 343 = -3*b - b. What is the units digit of b?
5
Suppose 14*f - 879 - 7647 = 0. What is the units digit of f?
9
Suppose -7349*d - 241824 = -7371*d. What is the thousands digit of d?
0
Suppose -87*z + 93*z = 50310. What is the tens digit of z?
8
Let x(j) = 14*j + 82. Let a be x(20). Let k = 664 - a. What is the units digit of k?
2
Suppose 25*n - 1095956 = -21*n - 25*n. What is the ten thousands digit of n?
1
Let l(p) = 447*p**2 - 28*p + 15. Let c be l(-6). Suppose -59*i + 38*i = -c. What is the units digit of i?
5
Let m = 240788 - 161701. What is the hundreds digit of m?
0
Let t(k) = 22*k + 23. Let n be t(7). Suppose 0 = 3*j - 2*j - 2*v - n, 12 = 3*v. What is the units digit of j?
5
Let g be (32/(-40))/((-3)/(-585)). Let n = g + 644. What is the units digit of n?
8
Suppose 196*r - 199*r = -15777. What is the units digit of r?
9
Let x(z) = 71*z**2 + 13*z + 1. Suppose 2*c - 1 - 9 = -t, 19 = c + 4*t. What is the tens digit of x(c)?
7
What is the tens digit of ((-72750)/600)/((2/96)/(-1))?
2
What is the units digit of (-1 - -27726)*(123/42 - 68/(-952))?
5
Suppose 20*v - 15*v = -15. Let j(s) = -19*s**3 - 2*s**2 - 11*s - 7. Let n be j(v). Suppose 669 = 10*f - n. What is the units digit of f?
9
Suppose 0 = 3*a, -5*a = 4*f - 36 - 0. Let j(b) be the second derivative of b**4/12 + 4*b**3/3 - 21*b**2 + 8*b. What is the units digit of j(f)?
1
Let z(p) = 26984*p + 1008. What is the hundreds digit of z(1)?
9
Let h be -1 + (-42 - -1) + 2. Let y be (-9)/(-2) + 5*(-4)/h. Suppose -5*a = -3*r + 422, -y*a = 4*r - 3*r - 134. What is the tens digit of r?
3
Let m be (-28)/49 - (-5322)/(-21). Let r = m + 615. What is the hundreds digit of r?
3
Let x(y) = -235*y - 3967. What is the tens digit of x(-78)?
6
Let v(p) be the first derivative of 4*p**2 + 17*p + 2. Suppose 2*k - 32 = -2*k. What is the units digit of v(k)?
1
Suppose -9*g = -36*g + 135. Suppose -p - g*a = -183, -3*p - a - a + 484 = 0. What is the hundreds digit of p?
1
Suppose 8*s - 73 = -33. Suppose 18*o - 4*a + 2966 = 20*o, 2*o + s*a - 2968 = 0. What is the tens digit of o?
7
Let g = -2861 + 19776. What is the tens digit of g?
1
Let b be (-110)/(-4)*7/(175/20). Suppose -7006 - 1112 = -b*n. What is the hundreds digit of n?
3
Suppose -198*k + 194*k = -107940. What is the hundreds digit of k?
9
Let h = 48 + -42. Let y(q) = 1 - 13*q**2 + 5*q**2 + 1 + 7 + 2*q**3 - 8*q. What is the hundreds digit of y(h)?
1
Let b(p) = 2*p**2 + 9*p + 5. Let m be 3/((-15)/(-299)) - 1/(-5). Let k be m/18*3*(-3)/(-5). What is the tens digit of b(k)?
3
Let v be (-12)/(-8) - (-3)/2. Let w(y) = y**2 - 7*y + 10. Let x be w(5). Suppose -v*d = -x*i + i - 313, -d - i = -107. What is the units digit of d?
3
Suppose 0 = l + 4*z + 2509 - 12661, -4*z + 40596 = 4*l. What is the hundreds digit of l?
1
Suppose 6*t + 73*t + 94*t = 7504221. What is the ten thousands digit of t?
4
Let t be 2/(18/44 + 1/(-2)). Let i = 196 + t. What is the units digit of i?
4
Let w be -2*(-1*59 + -1 + -1). Suppose -1318 = -w*p + 120*p. What is the units digit of p?
9
Suppose 9*d - 5*d = 16. Suppose -d*q + 215 = -217. What is the hundreds digit of q?
1
Let h = 355 + -349. Suppose 0 = 3*z + 3*y - 1890, -h*y = -4*z - y + 2484. What is the units digit of z?
6
Let l(m) = m**2 - 6*m. Let b be (1*-3)/(-4 - -1). Suppose 3*o + 20 = -b. What is the tens digit of l(o)?
9
Let a(o) = -o**2 + 2*o + 20. Let i be a(5). Suppose -956 = -4*g - m, -133*g + i*m + 932 = -129*g. What is the tens digit of g?
3
Let x = 24636 + -11909. What is the units digit of x?
7
Let k be -327*30/9*(-1)/(-2). Let o = -339 - k. What is the tens digit of o?
0
What is the hundreds digit of 48*(-7 - 11947/(-52))?
6
What is the thousands digit of ((-160)/170)/8 - (-70078)/34?
2
Let b be (-62 - -44)*(-202)/(-4) - 3. Let n = 2098 + b. What is the tens digit of n?
8
What is the ten thousands digit of 14558 + 20 + (-32)/8?
1
Suppose -s - 4*s - 3*u + 31 = 0, 4*u + 17 = 5*s. Suppose 0*m - m + 464 = -2*y, -5*y - 2320 = -s*m. Let j = -206 + m. What is the units digit of j?
8
Let m(v) = 6*v**2 - 10*v + 199. Let i be m(10). Let d = 994 - i. What is the units digit of d?
5
Suppose 14*k - 17*k = 1338. Let a = 221 + k. Let v = a + 421. What is the hundreds digit of v?
1
Let o = 33834 - -387. What is the units digit of o?
1
Suppose 0*v = -v + 3. Let g be v*(-12)/(-9) - -2. Suppose -24 = -m + g. What is the units digit of m?
0
Suppose -z + o + 2*o + 8 = 0, 2*o = 2. Let g be ((20/6)/5)/((-2)/(-96)). Suppose z*f = 3*f + g. What is the units digit of f?
4
Suppose a - 41 = 29. Let n be ((-28)/a)/(2/20) + 108. What is the hundreds digit of 1 + -2 + -1 + n?
1
Let d = 593 - 832. Let v = 215 + -344. Let q = v - d. What is the units digit of q?
0
Suppose d - 4*d = -12. Suppose 0 = -2*u, -d*r - 3*u + 708 = -5*u. Let c = -32 + r. What is the units digit of c?
5
Suppose -965 = -7*w - 356. Let n = 82 - 141. Let f = n + w. What is the units digit of f?
8
Let o(g) = 34*g**2 - 167*g - 477. What is the units digit of o(-31)?
4
Let n(x) = -x**3 + 5*x**2 + 3*x - 10. Let r be n(5). Suppose r*u - 1643 = -3*w, -3*w - 325 = 43*u - 44*u. What is the tens digit of u?
2
Suppose -1 + 26 = -5*m. Let g be (0/9)/(m - -2). Suppose 78 = 2*z - g*z. What is the tens digit of z?
3
Let h be 4*5/100 - (-2667)/(-35). Let i = h - -467. What is the hundreds digit of i?
3
Let f be ((-7)/(-4))/((-4)/(-192)). Suppose 3*d - f = d. What is the units digit of ((-5)/2)/(5 + d/(-8))?
0
Let i = -368 + 566. Suppose i*u + 750 = 203*u.